{"id":8,"date":"2017-09-14T09:34:42","date_gmt":"2017-09-14T09:34:42","guid":{"rendered":"https:\/\/dynamicprojectadvisory.com\/french\/?page_id=8"},"modified":"2019-08-12T11:45:14","modified_gmt":"2019-08-12T11:45:14","slug":"qui-sommes-nous","status":"publish","type":"page","link":"https:\/\/dynamicprojectadvisory.com\/french\/qui-sommes-nous\/","title":{"rendered":"Qui sommes nous"},"content":{"rendered":"<div class=\"inner_banner\"><img decoding=\"async\" src=\"https:\/\/dynamicprojectadvisory.com\/french\/wp-content\/uploads\/2017\/09\/inner_banner.jpg\" \/><\/div>\n<div class=\"container\">\n<div class=\"row\">\n<div class=\"col-md-7 col-sm-6 about_left\">\n<h1 class=\"about_page_heading\">BIENVENUE CHEZ DYNAMIC PROJECT ADVISORY<\/h1>\n<div class=\"about_page_content\">\n<p>Dynamic Project Advisory (D.P.A) est un cabinet comptable qui fournit des services et des conseils pour les entreprises. Notre Comptable Fran\u00e7ais Canary Wharf travail pour \u00eatre s\u00fbr que nos clients re\u00e7oivent une approche ad\u00e9quate a leur besoin et des conseils adaptes et faciles a comprendre. Nous Travaillons aussi avec des associations et fournissons des services \u00e0 des organisations \u00e0 but non lucratives.<\/p>\n<p>Nous sommes un groupe de comptable bilingue pr\u00eat a vous aider dans vos projets, et vous assister dans votre activit\u00e9.<\/p>\n<p>Avec plus de 15 ans d\u2019exp\u00e9rience en France et au royaume unis, notre r\u00e9putation est bas\u00e9e sur la qualit\u00e9 de nos services, et la bonne relation que nous maintenons avec les personnes avec qui nous travaillons. Nous continuerons donc de travailler dans ce sens afin de vous fournir une bonne qualit\u00e9 de services ad\u00e9quate \u00e0 votre business.<\/p>\n<\/div>\n<\/div>\n<div class=\"col-md-5 col-sm-6 about_image\"><img loading=\"lazy\" decoding=\"async\" class=\"alignnone\" src=\"https:\/\/dynamicprojectadvisory.com\/french\/wp-content\/uploads\/2017\/09\/about.jpg\" alt=\"Comptable Fran\u00e7ais Canary Wharf\" width=\"600\" height=\"409\" \/><\/div>\n<\/div>\n<\/div>\n","protected":false},"excerpt":{"rendered":"<p>BIENVENUE CHEZ DYNAMIC PROJECT ADVISORY Dynamic Project Advisory (D.P.A) est un cabinet comptable qui fournit des services et des conseils pour les entreprises. Notre Comptable Fran\u00e7ais Canary Wharf travail pour \u00eatre s\u00fbr que nos clients re\u00e7oivent une approche ad\u00e9quate a leur besoin et des conseils adaptes et faciles a comprendre. Nous Travaillons aussi avec des &hellip; <a href=\"https:\/\/dynamicprojectadvisory.com\/french\/qui-sommes-nous\/\" class=\"more-link\">Continue reading <span class=\"screen-reader-text\">Qui sommes nous<\/span> <span class=\"meta-nav\">&rarr;<\/span><\/a><\/p>\n","protected":false},"author":1,"featured_media":0,"parent":0,"menu_order":0,"comment_status":"closed","ping_status":"closed","template":"page-templates\/full-width.php","meta":{"footnotes":""},"yoast_head":"<!-- This site is optimized with the Yoast SEO plugin v23.5 - https:\/\/yoast.com\/wordpress\/plugins\/seo\/ -->\n<title>Qui sommes nous | Comptable Fran\u00e7ais Canary Wharf | Dynamic Project Advisory<\/title>\n<meta name=\"robots\" content=\"index, follow, max-snippet:-1, max-image-preview:large, max-video-preview:-1\" \/>\n<link rel=\"canonical\" href=\"https:\/\/dynamicprojectadvisory.com\/french\/qui-sommes-nous\/\" \/>\n<meta property=\"og:locale\" content=\"en_US\" \/>\n<meta property=\"og:type\" content=\"article\" \/>\n<meta property=\"og:title\" content=\"Qui sommes nous | Comptable Fran\u00e7ais Canary Wharf | Dynamic Project Advisory\" \/>\n<meta property=\"og:description\" content=\"BIENVENUE CHEZ DYNAMIC PROJECT ADVISORY Dynamic Project Advisory (D.P.A) est un cabinet comptable qui fournit des services et des conseils pour les entreprises. Notre Comptable Fran\u00e7ais Canary Wharf travail pour \u00eatre s\u00fbr que nos clients re\u00e7oivent une approche ad\u00e9quate a leur besoin et des conseils adaptes et faciles a comprendre. Nous Travaillons aussi avec des &hellip; Continue reading Qui sommes nous &rarr;\" \/>\n<meta property=\"og:url\" content=\"https:\/\/dynamicprojectadvisory.com\/french\/qui-sommes-nous\/\" \/>\n<meta property=\"og:site_name\" content=\"Dynamic Project Advisory\" \/>\n<meta property=\"article:modified_time\" content=\"2019-08-12T11:45:14+00:00\" \/>\n<meta property=\"og:image\" content=\"https:\/\/dynamicprojectadvisory.com\/french\/wp-content\/uploads\/2017\/09\/inner_banner.jpg\" \/>\n<meta name=\"twitter:card\" content=\"summary_large_image\" \/>\n<meta name=\"twitter:label1\" content=\"Est. reading time\" \/>\n\t<meta name=\"twitter:data1\" content=\"1 minute\" \/>\n<script type=\"application\/ld+json\" class=\"yoast-schema-graph\">{\"@context\":\"https:\/\/schema.org\",\"@graph\":[{\"@type\":\"WebPage\",\"@id\":\"https:\/\/dynamicprojectadvisory.com\/french\/qui-sommes-nous\/\",\"url\":\"https:\/\/dynamicprojectadvisory.com\/french\/qui-sommes-nous\/\",\"name\":\"Qui sommes nous | Comptable Fran\u00e7ais Canary Wharf | Dynamic Project Advisory\",\"isPartOf\":{\"@id\":\"https:\/\/dynamicprojectadvisory.com\/french\/#website\"},\"primaryImageOfPage\":{\"@id\":\"https:\/\/dynamicprojectadvisory.com\/french\/qui-sommes-nous\/#primaryimage\"},\"image\":{\"@id\":\"https:\/\/dynamicprojectadvisory.com\/french\/qui-sommes-nous\/#primaryimage\"},\"thumbnailUrl\":\"https:\/\/dynamicprojectadvisory.com\/french\/wp-content\/uploads\/2017\/09\/inner_banner.jpg\",\"datePublished\":\"2017-09-14T09:34:42+00:00\",\"dateModified\":\"2019-08-12T11:45:14+00:00\",\"breadcrumb\":{\"@id\":\"https:\/\/dynamicprojectadvisory.com\/french\/qui-sommes-nous\/#breadcrumb\"},\"inLanguage\":\"en-US\",\"potentialAction\":[{\"@type\":\"ReadAction\",\"target\":[\"https:\/\/dynamicprojectadvisory.com\/french\/qui-sommes-nous\/\"]}]},{\"@type\":\"ImageObject\",\"inLanguage\":\"en-US\",\"@id\":\"https:\/\/dynamicprojectadvisory.com\/french\/qui-sommes-nous\/#primaryimage\",\"url\":\"https:\/\/dynamicprojectadvisory.com\/french\/wp-content\/uploads\/2017\/09\/inner_banner.jpg\",\"contentUrl\":\"https:\/\/dynamicprojectadvisory.com\/french\/wp-content\/uploads\/2017\/09\/inner_banner.jpg\",\"width\":1366,\"height\":326},{\"@type\":\"BreadcrumbList\",\"@id\":\"https:\/\/dynamicprojectadvisory.com\/french\/qui-sommes-nous\/#breadcrumb\",\"itemListElement\":[{\"@type\":\"ListItem\",\"position\":1,\"name\":\"Home\",\"item\":\"https:\/\/dynamicprojectadvisory.com\/french\/\"},{\"@type\":\"ListItem\",\"position\":2,\"name\":\"Qui sommes nous\"}]},{\"@type\":\"WebSite\",\"@id\":\"https:\/\/dynamicprojectadvisory.com\/french\/#website\",\"url\":\"https:\/\/dynamicprojectadvisory.com\/french\/\",\"name\":\"Dynamic Project Advisory\",\"description\":\"\",\"potentialAction\":[{\"@type\":\"SearchAction\",\"target\":{\"@type\":\"EntryPoint\",\"urlTemplate\":\"https:\/\/dynamicprojectadvisory.com\/french\/?s={search_term_string}\"},\"query-input\":{\"@type\":\"PropertyValueSpecification\",\"valueRequired\":true,\"valueName\":\"search_term_string\"}}],\"inLanguage\":\"en-US\"}]}<\/script>\n<!-- \/ Yoast SEO plugin. -->","yoast_head_json":{"title":"Qui sommes nous | Comptable Fran\u00e7ais Canary Wharf | Dynamic Project Advisory","robots":{"index":"index","follow":"follow","max-snippet":"max-snippet:-1","max-image-preview":"max-image-preview:large","max-video-preview":"max-video-preview:-1"},"canonical":"https:\/\/dynamicprojectadvisory.com\/french\/qui-sommes-nous\/","og_locale":"en_US","og_type":"article","og_title":"Qui sommes nous | Comptable Fran\u00e7ais Canary Wharf | Dynamic Project Advisory","og_description":"BIENVENUE CHEZ DYNAMIC PROJECT ADVISORY Dynamic Project Advisory (D.P.A) est un cabinet comptable qui fournit des services et des conseils pour les entreprises. Notre Comptable Fran\u00e7ais Canary Wharf travail pour \u00eatre s\u00fbr que nos clients re\u00e7oivent une approche ad\u00e9quate a leur besoin et des conseils adaptes et faciles a comprendre. Nous Travaillons aussi avec des &hellip; Continue reading Qui sommes nous &rarr;","og_url":"https:\/\/dynamicprojectadvisory.com\/french\/qui-sommes-nous\/","og_site_name":"Dynamic Project Advisory","article_modified_time":"2019-08-12T11:45:14+00:00","og_image":[{"url":"https:\/\/dynamicprojectadvisory.com\/french\/wp-content\/uploads\/2017\/09\/inner_banner.jpg"}],"twitter_card":"summary_large_image","twitter_misc":{"Est. reading time":"1 minute"},"schema":{"@context":"https:\/\/schema.org","@graph":[{"@type":"WebPage","@id":"https:\/\/dynamicprojectadvisory.com\/french\/qui-sommes-nous\/","url":"https:\/\/dynamicprojectadvisory.com\/french\/qui-sommes-nous\/","name":"Qui sommes nous | Comptable Fran\u00e7ais Canary Wharf | Dynamic Project Advisory","isPartOf":{"@id":"https:\/\/dynamicprojectadvisory.com\/french\/#website"},"primaryImageOfPage":{"@id":"https:\/\/dynamicprojectadvisory.com\/french\/qui-sommes-nous\/#primaryimage"},"image":{"@id":"https:\/\/dynamicprojectadvisory.com\/french\/qui-sommes-nous\/#primaryimage"},"thumbnailUrl":"https:\/\/dynamicprojectadvisory.com\/french\/wp-content\/uploads\/2017\/09\/inner_banner.jpg","datePublished":"2017-09-14T09:34:42+00:00","dateModified":"2019-08-12T11:45:14+00:00","breadcrumb":{"@id":"https:\/\/dynamicprojectadvisory.com\/french\/qui-sommes-nous\/#breadcrumb"},"inLanguage":"en-US","potentialAction":[{"@type":"ReadAction","target":["https:\/\/dynamicprojectadvisory.com\/french\/qui-sommes-nous\/"]}]},{"@type":"ImageObject","inLanguage":"en-US","@id":"https:\/\/dynamicprojectadvisory.com\/french\/qui-sommes-nous\/#primaryimage","url":"https:\/\/dynamicprojectadvisory.com\/french\/wp-content\/uploads\/2017\/09\/inner_banner.jpg","contentUrl":"https:\/\/dynamicprojectadvisory.com\/french\/wp-content\/uploads\/2017\/09\/inner_banner.jpg","width":1366,"height":326},{"@type":"BreadcrumbList","@id":"https:\/\/dynamicprojectadvisory.com\/french\/qui-sommes-nous\/#breadcrumb","itemListElement":[{"@type":"ListItem","position":1,"name":"Home","item":"https:\/\/dynamicprojectadvisory.com\/french\/"},{"@type":"ListItem","position":2,"name":"Qui sommes nous"}]},{"@type":"WebSite","@id":"https:\/\/dynamicprojectadvisory.com\/french\/#website","url":"https:\/\/dynamicprojectadvisory.com\/french\/","name":"Dynamic Project Advisory","description":"","potentialAction":[{"@type":"SearchAction","target":{"@type":"EntryPoint","urlTemplate":"https:\/\/dynamicprojectadvisory.com\/french\/?s={search_term_string}"},"query-input":{"@type":"PropertyValueSpecification","valueRequired":true,"valueName":"search_term_string"}}],"inLanguage":"en-US"}]}},"_links":{"self":[{"href":"https:\/\/dynamicprojectadvisory.com\/french\/wp-json\/wp\/v2\/pages\/8"}],"collection":[{"href":"https:\/\/dynamicprojectadvisory.com\/french\/wp-json\/wp\/v2\/pages"}],"about":[{"href":"https:\/\/dynamicprojectadvisory.com\/french\/wp-json\/wp\/v2\/types\/page"}],"author":[{"embeddable":true,"href":"https:\/\/dynamicprojectadvisory.com\/french\/wp-json\/wp\/v2\/users\/1"}],"replies":[{"embeddable":true,"href":"https:\/\/dynamicprojectadvisory.com\/french\/wp-json\/wp\/v2\/comments?post=8"}],"version-history":[{"count":12,"href":"https:\/\/dynamicprojectadvisory.com\/french\/wp-json\/wp\/v2\/pages\/8\/revisions"}],"predecessor-version":[{"id":82,"href":"https:\/\/dynamicprojectadvisory.com\/french\/wp-json\/wp\/v2\/pages\/8\/revisions\/82"}],"wp:attachment":[{"href":"https:\/\/dynamicprojectadvisory.com\/french\/wp-json\/wp\/v2\/media?parent=8"}],"curies":[{"name":"wp","href":"https:\/\/api.w.org\/{rel}","templated":true}]}}